{"id":143,"date":"2016-01-19T06:46:11","date_gmt":"2016-01-19T06:46:11","guid":{"rendered":"http:\/\/localhost\/plumberx\/?page_id=143"},"modified":"2018-04-26T05:54:00","modified_gmt":"2018-04-26T05:54:00","slug":"homepage","status":"publish","type":"page","link":"https:\/\/instalatorploiesti.com\/","title":{"rendered":"Homepage"},"content":{"rendered":"<p>[vc_row][vc_column css=&#8221;.vc_custom_1459525359690{margin-bottom: 0px !important;}&#8221;][rev_slider_vc alias=&#8221;home-slider1&#8243;][\/vc_column][\/vc_row][vc_row full_width=&#8221;stretch_row_content_no_spaces&#8221; type=&#8221;in_container&#8221; el_class=&#8221;promotional-text&#8221; css=&#8221;.vc_custom_1460629117329{margin-top: -35px !important;}&#8221;][vc_column][vc_column_text css=&#8221;.vc_custom_1524720568860{margin-bottom: 0px !important;padding-top: 10px !important;padding-bottom: 45px !important;}&#8221;]Suntem aici 24\/7 sa raspundem prompt la orice problema legata de <strong>instalatii sanitare<\/strong>.[\/vc_column_text][\/vc_column][\/vc_row][vc_row full_width=&#8221;stretch_row_content_no_spaces&#8221; type=&#8221;in_container&#8221; css=&#8221;.vc_custom_1460127929826{padding-top: 80px !important;padding-bottom: 80px !important;}&#8221;][vc_column][plumberx_aboutus_section title_1=&#8221;Cauti instalator in Ploiesti?&#8221; description_1=&#8221;Echipa noastra ofera servicii complete in instalatii sanitare, reparatii sanitare, desfundare canalizare, instalator sanitare, termice.&#8221; title_2=&#8221;Instalatori calificati&#8221; description_2=&#8221; Instalatorii no\u0219tri sunt califica\u021bi \u0219i au experien\u021ba necesar\u0103 at\u00e2t pentru lucr\u0103ri complexe c\u00e2t \u0219i pentru lucrari mai simple cum ar fi schimbarea unui robinet. &#8221; title_3=&#8221;Prevenire scurgeri&#8221; description_3=&#8221;Reparatii ale instalatiilor sanitare din cele mai diverse. De la interventii simple cum ar fi schimbarea unei baterii la inlocuirea coloanelor de alimentare&#8221; img_1=&#8221;175&#8243; img_2=&#8221;1103&#8243; img_3=&#8221;177&#8243;][\/vc_column][\/vc_row][vc_row full_width=&#8221;stretch_row_content_no_spaces&#8221; type=&#8221;in_container&#8221;][vc_column][plumberx_services_tab title=&#8221;Servicii care le oferim&#8221; posts_per_page=&#8221;7&#8243;][\/vc_column][\/vc_row][vc_row full_width=&#8221;stretch_row_content_no_spaces&#8221; type=&#8221;in_container&#8221;][vc_column][plumberx_projects title=&#8221;Galerie poze&#8221; posts_per_page=&#8221;6&#8243; filter=&#8221;off&#8221; background=&#8221;385&#8243;][\/vc_column][\/vc_row][vc_row full_width=&#8221;stretch_row_content_no_spaces&#8221; type=&#8221;in_container&#8221;][vc_column][plumberx_emergency_contact_section title=&#8221;<b>Instalator ploiesti &amp; <\/b>reparatii instalatii&#8221; description=&#8221;Servicii oferit pentru: instalatii sanitare. Reparatii in sistem de urgenta sau reparatii curente numai in Ploiesti, Instalator Prahova&#8221; phone=&#8221;0720 616 289&#8243; button_text=&#8221;Contact&#8221; button_link=&#8221;#&#8221; img=&#8221;1014&#8243; background=&#8221;211&#8243;][\/vc_column][\/vc_row][vc_row full_width=&#8221;stretch_row_content_no_spaces&#8221; type=&#8221;in_container&#8221;][vc_column][plumberx_blog_post title=&#8221;Blogs&#8221; orderby=&#8221;date&#8221; order=&#8221;DESC&#8221; posts_per_page=&#8221;2&#8243;][\/vc_column][\/vc_row]<\/p>\n","protected":false},"excerpt":{"rendered":"<p>[vc_row][vc_column css=&#8221;.vc_custom_1459525359690{margin-bottom: 0px !important;}&#8221;][rev_slider_vc alias=&#8221;home-slider1&#8243;][\/vc_column][\/vc_row][vc_row full_width=&#8221;stretch_row_content_no_spaces&#8221; type=&#8221;in_container&#8221; el_class=&#8221;promotional-text&#8221; css=&#8221;.vc_custom_1460629117329{margin-top: -35px !important;}&#8221;][vc_column][vc_column_text css=&#8221;.vc_custom_1524720568860{margin-bottom: 0px !important;padding-top: 10px !important;padding-bottom: 45px !important;}&#8221;]Suntem aici 24\/7 sa raspundem prompt la orice problema legata de instalatii sanitare.[\/vc_column_text][\/vc_column][\/vc_row][vc_row full_width=&#8221;stretch_row_content_no_spaces&#8221; type=&#8221;in_container&#8221; css=&#8221;.vc_custom_1460127929826{padding-top: 80px !important;padding-bottom: 80px !important;}&#8221;][vc_column][plumberx_aboutus_section title_1=&#8221;Cauti instalator in Ploiesti?&#8221; description_1=&#8221;Echipa noastra ofera servicii complete in instalatii sanitare, reparatii sanitare, desfundare canalizare, instalator sanitare, [&hellip;]<\/p>\n","protected":false},"author":1,"featured_media":0,"parent":0,"menu_order":0,"comment_status":"closed","ping_status":"closed","template":"","meta":{"ngg_post_thumbnail":0,"footnotes":""},"_links":{"self":[{"href":"https:\/\/instalatorploiesti.com\/index.php\/wp-json\/wp\/v2\/pages\/143"}],"collection":[{"href":"https:\/\/instalatorploiesti.com\/index.php\/wp-json\/wp\/v2\/pages"}],"about":[{"href":"https:\/\/instalatorploiesti.com\/index.php\/wp-json\/wp\/v2\/types\/page"}],"author":[{"embeddable":true,"href":"https:\/\/instalatorploiesti.com\/index.php\/wp-json\/wp\/v2\/users\/1"}],"replies":[{"embeddable":true,"href":"https:\/\/instalatorploiesti.com\/index.php\/wp-json\/wp\/v2\/comments?post=143"}],"version-history":[{"count":8,"href":"https:\/\/instalatorploiesti.com\/index.php\/wp-json\/wp\/v2\/pages\/143\/revisions"}],"predecessor-version":[{"id":1144,"href":"https:\/\/instalatorploiesti.com\/index.php\/wp-json\/wp\/v2\/pages\/143\/revisions\/1144"}],"wp:attachment":[{"href":"https:\/\/instalatorploiesti.com\/index.php\/wp-json\/wp\/v2\/media?parent=143"}],"curies":[{"name":"wp","href":"https:\/\/api.w.org\/{rel}","templated":true}]}}